{"id":2962,"date":"2023-02-10T10:08:27","date_gmt":"2023-02-10T09:08:27","guid":{"rendered":"https:\/\/www.vanwijkverf.nl\/retail\/?page_id=2962"},"modified":"2025-10-23T09:27:45","modified_gmt":"2025-10-23T07:27:45","slug":"klant-worden","status":"publish","type":"page","link":"https:\/\/www.vanwijkverf.nl\/retail\/klant-worden\/","title":{"rendered":"Klant worden?"},"content":{"rendered":"<div class=\"wpb-content-wrapper\"><p>[vc_row][vc_column]<div class=\"templatera_shortcode\"><div class=\"vc_row wpb_row vc_row-fluid uspbar\"><div class=\"pageinside wpb_column vc_column_container vc_col-sm-12\"><div class=\"vc_column-inner\"><div class=\"wpb_wrapper\">\n\t<div class=\"wpb_text_column wpb_content_element\" >\n\t\t<div class=\"wpb_wrapper\">\n\t\t\t<ul>\n<li>Altijd gratis bezorging<\/li>\n<li>Eigen bestelapp<\/li>\n<li>8 filialen<\/li>\n<li>Grootste assortiment van NL<\/li>\n<li>Eigen chauffeurs en logistiek<\/li>\n<\/ul>\n\n\t\t<\/div>\n\t<\/div>\n<\/div><\/div><\/div><\/div><\/div>[\/vc_column][\/vc_row][vc_row equal_height=&#8221;yes&#8221; content_placement=&#8221;middle&#8221; el_class=&#8221;headerbar ctapage imagelinetop headerboxtop paddingtopandbottom100px-col-l paddingtop50andbottompx-col-m-s marginbottom100px-col-l marginbottom50px-col-m-s&#8221; css=&#8221;.vc_custom_1677054734093{background-image: url(https:\/\/www.vanwijkverf.nl\/retail\/wp-content\/uploads\/2022\/10\/Over-ons-Van-Wijk-Verf-111.jpg?id=2814) !important;}&#8221;][vc_column css_animation=&#8221;none&#8221; el_class=&#8221;pageinside&#8221;][vc_row_inner content_placement=&#8221;middle&#8221;][vc_column_inner width=&#8221;1\/2&#8243;][vc_column_text el_class=&#8221;boxmaxwidthheadertitel&#8221;]<\/p>\n<h1>Wat een betrokken verfgroothandel toevoegt voor jouw winkel? Word klant en ervaar het zelf.<\/h1>\n<p>[\/vc_column_text][vc_column_text el_class=&#8221;boxwittetekst margintop25px-col-l&#8221;]Ben jij nog geen klant van Van Wijk Verf Retail? Wij zijn m\u00e9\u00e9r dan een verfgroothandel. Wij zijn d\u00e9 kennis- en businesspartner voor retail. Dat kunnen we wel zeggen, maar beter is om het zelf te ervaren. Meld je nu aan als klant en ervaar het zelf![\/vc_column_text][\/vc_column_inner][vc_column_inner el_class=&#8221;boxsidebarright margintop50px-col-m margintop40px-col-m-s&#8221; width=&#8221;1\/2&#8243; offset=&#8221;vc_col-lg-offset-1 vc_col-lg-5 vc_col-md-offset-1 vc_col-md-5&#8243; el_id=&#8221;aanvragen&#8221;][vc_column_text]<\/p>\n<h2>Klant worden? Meld je vandaag nog aan<\/h2>\n<p>[\/vc_column_text][vc_column_text el_class=&#8221;margintop25px-col-l&#8221;]\n<div class=\"wpcf7 no-js\" id=\"wpcf7-f2968-o1\" lang=\"nl-NL\" dir=\"ltr\" data-wpcf7-id=\"2968\">\n<div class=\"screen-reader-response\"><p role=\"status\" aria-live=\"polite\" aria-atomic=\"true\"><\/p> <ul><\/ul><\/div>\n<form action=\"\/retail\/wp-json\/wp\/v2\/pages\/2962#wpcf7-f2968-o1\" method=\"post\" class=\"wpcf7-form init\" aria-label=\"Contactformulier\" novalidate=\"novalidate\" data-status=\"init\">\n<fieldset class=\"hidden-fields-container\"><input type=\"hidden\" name=\"_wpcf7\" value=\"2968\" \/><input type=\"hidden\" name=\"_wpcf7_version\" value=\"6.1.5\" \/><input type=\"hidden\" name=\"_wpcf7_locale\" value=\"nl_NL\" \/><input type=\"hidden\" name=\"_wpcf7_unit_tag\" value=\"wpcf7-f2968-o1\" \/><input type=\"hidden\" name=\"_wpcf7_container_post\" value=\"0\" \/><input type=\"hidden\" name=\"_wpcf7_posted_data_hash\" value=\"\" \/><input type=\"hidden\" name=\"_wpcf7_recaptcha_response\" value=\"\" \/>\n<\/fieldset>\n<div class=\"boxcontact\"><label>Voor- en achternaam* <span class=\"wpcf7-form-control-wrap\" data-name=\"your-name\"><input size=\"40\" maxlength=\"400\" class=\"wpcf7-form-control wpcf7-text wpcf7-validates-as-required\" aria-required=\"true\" aria-invalid=\"false\" value=\"\" type=\"text\" name=\"your-name\" \/><\/span> <\/label><\/div>\n\n<div class=\"boxcontact\"><label>Bedrijfsnaam* <span class=\"wpcf7-form-control-wrap\" data-name=\"your-subject\"><input size=\"40\" maxlength=\"400\" class=\"wpcf7-form-control wpcf7-text wpcf7-validates-as-required\" aria-required=\"true\" aria-invalid=\"false\" value=\"\" type=\"text\" name=\"your-subject\" \/><\/span><\/label><\/div>\n\n<div class=\"boxcontact\"><label>Plaats onderneming* <span class=\"wpcf7-form-control-wrap\" data-name=\"plaatsonderneming\"><input size=\"40\" maxlength=\"400\" class=\"wpcf7-form-control wpcf7-text wpcf7-validates-as-required\" aria-required=\"true\" aria-invalid=\"false\" value=\"\" type=\"text\" name=\"plaatsonderneming\" \/><\/span><\/label><\/div>\n\n<div class=\"boxcontact\"><label>Kvk nummer* <span class=\"wpcf7-form-control-wrap\" data-name=\"kvk\"><input size=\"40\" maxlength=\"400\" class=\"wpcf7-form-control wpcf7-text wpcf7-validates-as-required\" aria-required=\"true\" aria-invalid=\"false\" value=\"\" type=\"text\" name=\"kvk\" \/><\/span><\/label><\/div>\n\n<div class=\"boxcontact width50left\"><label>Telefoonnummer* <span class=\"wpcf7-form-control-wrap\" data-name=\"tel-768\"><input size=\"40\" maxlength=\"400\" class=\"wpcf7-form-control wpcf7-tel wpcf7-validates-as-required wpcf7-text wpcf7-validates-as-tel\" aria-required=\"true\" aria-invalid=\"false\" value=\"\" type=\"tel\" name=\"tel-768\" \/><\/span><\/label><\/div>\n\n<div class=\"boxcontact width50right\"><label>E-mailadres* <span class=\"wpcf7-form-control-wrap\" data-name=\"your-email\"><input size=\"40\" maxlength=\"400\" class=\"wpcf7-form-control wpcf7-email wpcf7-validates-as-required wpcf7-text wpcf7-validates-as-email\" aria-required=\"true\" aria-invalid=\"false\" value=\"\" type=\"email\" name=\"your-email\" \/><\/span> <\/label><\/div>\n\n<div class=\"boxcontact boxcontactaccept\"><span class=\"wpcf7-form-control-wrap\" data-name=\"acceptance-846\"><span class=\"wpcf7-form-control wpcf7-acceptance\"><span class=\"wpcf7-list-item\"><label><input type=\"checkbox\" name=\"acceptance-846\" value=\"1\" aria-invalid=\"false\" \/><span class=\"wpcf7-list-item-label\">Ik ga akkoord met de <a target=\"_blank\" href=\"https:\/\/www.vanwijkverf.nl\/privacyverklaring\/\">privacyverklaring<\/a>.<\/span><\/label><\/span><\/span><\/span><\/div>\n\n<div class=\"boxcontact boxnomargin\"><input class=\"wpcf7-form-control wpcf7-submit has-spinner\" type=\"submit\" value=\"Ik meld me graag aan\" \/><\/div><div class=\"wpcf7-response-output\" aria-hidden=\"true\"><\/div>\n<\/form>\n<\/div>\n[\/vc_column_text][\/vc_column_inner][\/vc_row_inner][\/vc_column][\/vc_row][vc_row el_class=&#8221;boxklantenaanhetwoord paddingtopandbottom100px-col-l paddingtopandbottom75px-col-lm paddingtopandbottom50px-col-m-s&#8221;][vc_column css_animation=&#8221;fadeIn&#8221; el_class=&#8221;pageinside&#8221;][vc_row_inner][vc_column_inner][vc_column_text el_class=&#8221;h2large&#8221;]<\/p>\n<h2>Wat onze klanten over ons zeggen<\/h2>\n<p>[\/vc_column_text][\/vc_column_inner][\/vc_row_inner][vc_row_inner el_class=&#8221;boxcarrouselklanten margintop50px-col-l margintop40px-col-m-s&#8221;][vc_column_inner]<div id=\"ult-carousel-36760697766a09b26c1b8b9\" class=\"ult-carousel-wrapper   ult_horizontal\" data-gutter=\"20\" data-rtl=\"false\" ><div class=\"ult-carousel-1745378046a09b26c1b6de \" ><div class=\"ult-item-wrap\" data-animation=\"animated no-animation\">\n\t<div class=\"wpb_raw_code wpb_raw_html wpb_content_element &#8221;tekstquoteblok&#8221;\" >\n\t\t<div class=\"wpb_wrapper\">\n\t\t\t<p class=\"tekstquote\">\u201cDe bestelapp van Van Wijk Verf werkt logisch en is daarom voor iedereen gemakkelijk in gebruik. Als winkelmedewerker \u00e9n inkoper scheelt dit mij enorm veel tijd.\u201d<\/p>\n\n<div class=\"boxfotoennaam\"><img decoding=\"async\" class=\"afbeeldingenquote\" src=\"https:\/\/www.vanwijkverf.nl\/wp-content\/uploads\/2022\/05\/10-Colors@Home.jpg\" alt=\"\" width=\"100\" height=\"100\" title=\"\">\n\n<div class=\"naamtitel\"><h5 class=\"naameigenaar\">Evelien Braakhekke<\/h5>\n<p class=\"titeleigenaar\">Evelien Braakhekke van Colors@Home Weevers in Zutphen<\/p><\/div>\n\n<\/div>\n\t\t<\/div>\n\t<\/div>\n<\/div><div class=\"ult-item-wrap\" data-animation=\"animated no-animation\">\n\t<div class=\"wpb_raw_code wpb_raw_html wpb_content_element &#8221;tekstquoteblok&#8221;\" >\n\t\t<div class=\"wpb_wrapper\">\n\t\t\t<p class=\"tekstquote\">\"Voor verf en toebehoren bestel ik elke donderdag bij Van Wijk Verf. Daar geldt: afspraak is afspraak, dus ik krijg altijd op vrijdag de order binnen. Het assortiment is breed, zo bieden we onze klanten een ruime keuze.\u201d<\/p>\n\n<div class=\"boxfotoennaam\"><img decoding=\"async\" class=\"afbeeldingenquote\" src=\"https:\/\/www.vanwijkverf.nl\/wp-content\/uploads\/2022\/05\/15-Country-Store.jpg\" alt=\"\" width=\"100\" height=\"100\" title=\"\">\n\n<div class=\"naamtitel\"><h5 class=\"naameigenaar\">Richard van Goor<\/h5>\n<p class=\"titeleigenaar\">Eigenaar van De Country Store in Odiliapeel<\/p><\/div>\n\n<\/div>\n\t\t<\/div>\n\t<\/div>\n<\/div><div class=\"ult-item-wrap\" data-animation=\"animated no-animation\">\n\t<div class=\"wpb_raw_code wpb_raw_html wpb_content_element &#8221;tekstquoteblok&#8221;\" >\n\t\t<div class=\"wpb_wrapper\">\n\t\t\t<p class=\"tekstquote\">\"Wat fijn om door van Wijk ge\u00efnformeerd te worden, zeer vriendelijk en veel kennis van de producten. Samen met een goede webshop en hele snelle levering, is het een plezier om zaken te doen met elkaar.\"<\/p>\n\n<div class=\"boxfotoennaam\"><img decoding=\"async\" class=\"afbeeldingenquote\" src=\"https:\/\/www.vanwijkverf.nl\/retail\/wp-content\/uploads\/2022\/10\/image001.png\" alt=\"\" width=\"100\" height=\"100\" title=\"\">\n\n<div class=\"naamtitel\"><h5 class=\"naameigenaar\">Joost Hecker<\/h5>\n<p class=\"titeleigenaar\">Eigenaar van Firma Hecker & Hecker in Amstelveen<\/p><\/div>\n\n<\/div>\n\t\t<\/div>\n\t<\/div>\n<\/div><div class=\"ult-item-wrap\" data-animation=\"animated no-animation\">\n\t<div class=\"wpb_raw_code wpb_raw_html wpb_content_element &#8221;tekstquoteblok&#8221;\" >\n\t\t<div class=\"wpb_wrapper\">\n\t\t\t<p class=\"tekstquote\">\"Heel handig om online bij Van Wijk te bestellen. Geen gebonden aantallen, goed verpakt en de bezorgers zijn super vriendelijk. Ook het contact met Mark Beck is prettig. Fijn bedrijf om zaken mee te doen.\"<\/p>\n\n<div class=\"boxfotoennaam\"><img decoding=\"async\" class=\"afbeeldingenquote\" src=\"https:\/\/www.vanwijkverf.nl\/retail\/wp-content\/uploads\/2022\/10\/Greijn.jpg\" alt=\"\" width=\"100\" height=\"100\" title=\"\">\n\n<div class=\"naamtitel\"><h5 class=\"naameigenaar\">Hans en Lisette van Greijn<\/h5>\n<p class=\"titeleigenaar\">Eigenaren van Winkelvangreijn in Neeritter<\/p><\/div>\n\n<\/div>\n\t\t<\/div>\n\t<\/div>\n<\/div><\/div><\/div>\t\t\t<script type=\"text\/javascript\">\n\t\t\t\tjQuery(document).ready(function ($) {\n\t\t\t\t\tif( typeof jQuery('.ult-carousel-1745378046a09b26c1b6de').slick == \"function\"){\n\t\t\t\t\t\t$('.ult-carousel-1745378046a09b26c1b6de').slick({dots: false,autoplay: true,autoplaySpeed: \"5000\",speed: \"500\",infinite: true,arrows: true,nextArrow: '<button type=\"button\" role=\"button\" aria-label=\"Next\" style=\"color:#333333; font-size:30px;\" class=\"slick-next default\"><i class=\"ultsl-arrow-right4\"><\/i><\/button>',prevArrow: '<button type=\"button\" role=\"button\" aria-label=\"Previous\" style=\"color:#333333; font-size:30px;\" class=\"slick-prev default\"><i class=\"ultsl-arrow-left4\"><\/i><\/button>',slidesToScroll:2,slidesToShow:2,swipe: true,draggable: true,touchMove: true,pauseOnHover: true,pauseOnFocus: false,adaptiveHeight: true,responsive: [\n\t\t\t\t\t\t\t{\n\t\t\t\t\t\t\t  breakpoint: 1026,\n\t\t\t\t\t\t\t  settings: {\n\t\t\t\t\t\t\t\tslidesToShow: 2,\n\t\t\t\t\t\t\t\tslidesToScroll: 2,  \n\t\t\t\t\t\t\t  }\n\t\t\t\t\t\t\t},\n\t\t\t\t\t\t\t{\n\t\t\t\t\t\t\t  breakpoint: 1025,\n\t\t\t\t\t\t\t  settings: {\n\t\t\t\t\t\t\t\tslidesToShow: 2,\n\t\t\t\t\t\t\t\tslidesToScroll: 2\n\t\t\t\t\t\t\t  }\n\t\t\t\t\t\t\t},\n\t\t\t\t\t\t\t{\n\t\t\t\t\t\t\t  breakpoint: 760,\n\t\t\t\t\t\t\t  settings: {\n\t\t\t\t\t\t\t\tslidesToShow: 1,\n\t\t\t\t\t\t\t\tslidesToScroll: 1\n\t\t\t\t\t\t\t  }\n\t\t\t\t\t\t\t}\n\t\t\t\t\t\t],pauseOnDotsHover: true,customPaging: function(slider, i) {\n                   return '<i type=\"button\" style= \"color:#333333;\" class=\"ultsl-record\" data-role=\"none\"><\/i>';\n                },});\n\t\t\t\t\t}\n\t\t\t\t});\n\t\t\t<\/script>\n\t\t\t[\/vc_column_inner][\/vc_row_inner][\/vc_column][\/vc_row][vc_row][vc_column]<div class=\"templatera_shortcode\"><div data-vc-full-width=\"true\" data-vc-full-width-temp=\"true\" data-vc-full-width-init=\"false\" class=\"vc_row wpb_row vc_row-fluid paddingtopandbottom100px-col-l paddingtopandbottom75px-col-lm paddingtopandbottom50px-col-m-s boxctafooter vc_row-o-content-middle vc_row-flex\"><div class=\"pageinside wpb_animate_when_almost_visible wpb_fadeIn fadeIn wpb_column vc_column_container vc_col-sm-12 vc_col-lg-offset-1 vc_col-lg-10 vc_col-md-offset-1 vc_col-md-10\"><div class=\"vc_column-inner\"><div class=\"wpb_wrapper\"><div class=\"vc_row wpb_row vc_inner vc_row-fluid boxstartcaro vc_row-o-equal-height vc_row-o-content-bottom vc_row-flex\"><div class=\"wpb_column vc_column_container vc_col-sm-12 vc_col-lg-5 vc_col-md-5\"><div class=\"vc_column-inner\"><div class=\"wpb_wrapper\">\n\t<div class=\"wpb_text_column wpb_content_element h2large redcolor\" >\n\t\t<div class=\"wpb_wrapper\">\n\t\t\t<h2>Waar kunnen we jou mee helpen?<\/h2>\n\n\t\t<\/div>\n\t<\/div>\n\n\t<div class=\"wpb_text_column wpb_content_element margintop25px-col-l\" >\n\t\t<div class=\"wpb_wrapper\">\n\t\t\t<p>Ontdek wat het betekent om met professionals te werken die jouw business begrijpen, altijd voor je klaarstaan en je \u00e9cht verder helpen. <\/p>\n\n\t\t<\/div>\n\t<\/div>\n\n\t<div class=\"wpb_text_column wpb_content_element buttonbox margintop50px-col-l margintop40px-col-m-s\" >\n\t\t<div class=\"wpb_wrapper\">\n\t\t\t<p><a href=\"https:\/\/www.vanwijkverf.nl\/retail\/contact\/\">Neem contact op<\/a> <a class=\"textlink zwartbutton\" href=\"https:\/\/www.vanwijkverf.nl\/retail\/contact\/klant-worden\/\">Of ontdek de voordelen van klant worden<\/a><\/p>\n\n\t\t<\/div>\n\t<\/div>\n<\/div><\/div><\/div><div class=\"boxfooterbox margintop50px-col-m margintop40px-col-m-s wpb_column vc_column_container vc_col-sm-12 vc_col-lg-offset-1 vc_col-lg-6 vc_col-md-offset-1 vc_col-md-6 vc_col-xs-12 vc_col-has-fill\"><div class=\"vc_column-inner vc_custom_1665560983648\"><div class=\"wpb_wrapper\">\n\t<div class=\"wpb_text_column wpb_content_element redcolor\" >\n\t\t<div class=\"wpb_wrapper\">\n\t\t\t<h5>Mark Beck<\/h5>\n\n\t\t<\/div>\n\t<\/div>\n\n\t<div class=\"wpb_text_column wpb_content_element margintop5px-col-l\" >\n\t\t<div class=\"wpb_wrapper\">\n\t\t\t<p>Retailmanager <\/p>\n\n\t\t<\/div>\n\t<\/div>\n\n\t<div class=\"wpb_text_column wpb_content_element margintop12punt5px-col-l boxcontactelements\" >\n\t\t<div class=\"wpb_wrapper\">\n\t\t\t<p><a class=\"boxcall\" href=\"tel:+31621295744 \">06 - 21295744<\/a> <a class=\"boxapp\" href=\"https:\/\/api.whatsapp.com\/send?phone=31621295744\" rel=\"nofollow noopener\" target=\"_blank\">Stuur een appje!<\/a> <a class=\"boxmail\" href=\"mailto:mark@vanwijkverf.nl \">mark@vanwijkverf.nl <\/a><\/p>\n\n\t\t<\/div>\n\t<\/div>\n<\/div><\/div><\/div><\/div><\/div><\/div><\/div><\/div><div class=\"vc_row-full-width vc_clearfix\"><\/div><\/div>[\/vc_column][\/vc_row][vc_row][vc_column]<div class=\"templatera_shortcode\"><div class=\"vc_row wpb_row vc_row-fluid paddingtopandbottom50px-col-l boxgreybackground\"><div class=\"pageinside wpb_animate_when_almost_visible wpb_fadeIn fadeIn wpb_column vc_column_container vc_col-sm-12\"><div class=\"vc_column-inner\"><div class=\"wpb_wrapper\"><div class=\"vc_row wpb_row vc_inner vc_row-fluid boxfooterbeforelinks vc_custom_1646680672018 vc_column-gap-25 vc_row-o-equal-height vc_row-flex\"><div class=\"wpb_column vc_column_container vc_col-sm-6 vc_col-lg-3 vc_col-md-6 vc_col-xs-12\"><div class=\"vc_column-inner\"><div class=\"wpb_wrapper\">\n\t<div class=\"wpb_text_column wpb_content_element\" >\n\t\t<div class=\"wpb_wrapper\">\n\t\t\t<h5>Contactgegevens<\/h5>\n\n\t\t<\/div>\n\t<\/div>\n\n\t<div class=\"wpb_text_column wpb_content_element margintop5px-col-l boxcontactelements2\" >\n\t\t<div class=\"wpb_wrapper\">\n\t\t\t<div class=\"boxlocatie\"><span style=\"font-weight: bold;\">Hoofdfiliaal<\/span><br \/>\nKellenseweg 20<br \/>\n4004 JD Tiel<\/div>\n<p><a class=\"bellen\" href=\"tel:0344614141\">0344 \u2013 614 141<\/a><\/p>\n<p><a class=\"app-footer\" href=\"https:\/\/api.whatsapp.com\/send?phone=31630098212\" rel=\"nofollow noopener\" target=\"_blank\">06 \u2013 30098212<\/a><\/p>\n<p><a class=\"mail-footer\" href=\"mailto:tiel@vanwijkverf.nl\">tiel@vanwijkverf.nl<\/a><\/p>\n\n\t\t<\/div>\n\t<\/div>\n\n\t<div class=\"wpb_raw_code wpb_raw_html wpb_content_element\" >\n\t\t<div class=\"wpb_wrapper\">\n\t\t\t<div class=\"boxsocialfooter\">\n\n\t\t\t\t\t\t<a class=\"facebook\" href=\"https:\/\/www.facebook.com\/Vanwijkverf\/\" rel=\"nofollow noopener\" target=\"_blank\"><\/a>\n\t\t\t\t\t\t<a class=\"linkedin\" href=\"https:\/\/www.linkedin.com\/company\/18324020\/\" rel=\"nofollow noopener\" target=\"_blank\"><\/a>\n\t\t\t\t\t\t<a class=\"instagram\" href=\"https:\/\/www.instagram.com\/vanwijkverf\/\" rel=\"nofollow noopener\" target=\"_blank\"><\/a>\n\n<\/div>\n\t\t<\/div>\n\t<\/div>\n<\/div><\/div><\/div><div class=\"wpb_column vc_column_container vc_col-sm-6 vc_col-lg-3 vc_col-md-6 vc_col-xs-12\"><div class=\"vc_column-inner\"><div class=\"wpb_wrapper\">\n\t<div class=\"wpb_text_column wpb_content_element\" >\n\t\t<div class=\"wpb_wrapper\">\n\t\t\t<h5><a href=\"https:\/\/www.vanwijkverf.nl\/retail\/services\/\">Services<\/a><\/h5>\n\n\t\t<\/div>\n\t<\/div>\n\n\t<div class=\"wpb_text_column wpb_content_element margintop5px-col-l\" >\n\t\t<div class=\"wpb_wrapper\">\n\t\t\t<p><a class=\"largeitem\" href=\"https:\/\/www.vanwijkverf.nl\/retail\/services\/bestel-en-bezorgservice\/\">Groothandel<\/a><br \/>\n<a class=\"subitem\" href=\"https:\/\/www.vanwijkverf.nl\/retail\/services\/online-bestellen\/\">(Online) bestellen<\/a><br \/>\n<a class=\"subitem\" href=\"https:\/\/www.vanwijkverf.nl\/retail\/services\/bestel-app\/\">Bestel-app<\/a><br \/>\n<a class=\"subitem\" href=\"https:\/\/www.vanwijkverf.nl\/retail\/services\/gratis-bezorgservice\/\">Gratis bezorgservice<\/a><br \/>\n<a class=\"subitem\" href=\"https:\/\/www.vanwijkverf.nl\/retail\/services\/compleet-assortiment\/\">Compleet assortiment<\/a><\/p>\n<p><a class=\"largeitem\" href=\"https:\/\/www.vanwijkverf.nl\/retail\/services\/kennispartner\/\">Kennispartner<\/a><br \/>\n<a class=\"subitem\" href=\"https:\/\/www.vanwijkverf.nl\/retail\/services\/kennispartner\/verfadvies\/\">Verftechnisch advies<\/a><br \/>\n<a class=\"subitem\" href=\"https:\/\/www.vanwijkverf.nl\/retail\/services\/kennispartner\/kleuradvies\/\">Kleuradvies<\/a><br \/>\n<a class=\"subitem\" href=\"https:\/\/www.vanwijkverf.nl\/retail\/services\/kennispartner\/verfspuitadvies\/\">Verfspuitadvies<\/a><br \/>\n<a class=\"subitem\" href=\"https:\/\/www.vanwijkverf.nl\/retail\/services\/kennispartner\/vloeradvies\/\">Vloeradvies<\/a><\/p>\n<p><a class=\"largeitem\" href=\"https:\/\/www.vanwijkverf.nl\/retail\/services\/businesspartner\/\">Businesspartner<\/a><br \/>\n<a class=\"subitem\" href=\"https:\/\/www.vanwijkverf.nl\/retail\/services\/businesspartner\/marketingondersteuning\/\">Marketingondersteuning<\/a><br \/>\n<a class=\"subitem\" href=\"https:\/\/www.vanwijkverf.nl\/retail\/services\/schappenplan\/\">Schappenplan<\/a><br \/>\n<a class=\"subitem\" href=\"https:\/\/www.vanwijkverf.nl\/retail\/services\/winstoptimalisatie\/\">Winstoptimalisatie<\/a><\/p>\n\n\t\t<\/div>\n\t<\/div>\n<\/div><\/div><\/div><div class=\"wpb_column vc_column_container vc_col-sm-6 vc_col-lg-offset-0 vc_col-lg-3 vc_col-md-offset-0 vc_col-md-4 vc_col-xs-12\"><div class=\"vc_column-inner\"><div class=\"wpb_wrapper\">\n\t<div class=\"wpb_text_column wpb_content_element\" >\n\t\t<div class=\"wpb_wrapper\">\n\t\t\t<h5><a href=\"https:\/\/www.vanwijkverf.nl\/retail\/assortiment\/\">Assortiment<\/a><\/h5>\n\n\t\t<\/div>\n\t<\/div>\n\n\t<div class=\"wpb_text_column wpb_content_element margintop5px-col-l\" >\n\t\t<div class=\"wpb_wrapper\">\n\t\t\t<p><a href=\"https:\/\/www.vanwijkverf.nl\/retail\/assortiment\/muurverf-en-lakken\/\">Muurverf en lakken<\/a><br \/>\n<a href=\"https:\/\/www.vanwijkverf.nl\/retail\/assortiment\/non-paint\/\">Non-paint producten<\/a><br \/>\n<a href=\"https:\/\/www.vanwijkverf.nl\/retail\/assortiment\/gereedschap\/\">Gereedschap<\/a><br \/>\n<a href=\"https:\/\/www.vanwijkverf.nl\/retail\/assortiment\/gereedschap\/\">Wand- en vloerafwerking<\/a><br \/>\n<a href=\"https:\/\/www.vanwijkverf.nl\/retail\/assortiment\/reparatie-en-vulmiddelen\/\">Reparatie- en vulmiddelen<\/a><br \/>\n<a href=\"https:\/\/www.vanwijkverf.nl\/retail\/assortiment\/spuitapparatuur\/\">Spuitapparatuur<\/a><br \/>\n<a href=\"https:\/\/www.vanwijkverf.nl\/retail\/assortiment\/alle-merken\/\">Alle merken<\/a><\/p>\n\n\t\t<\/div>\n\t<\/div>\n\n\t<div class=\"wpb_text_column wpb_content_element margintop20px-col-l\" >\n\t\t<div class=\"wpb_wrapper\">\n\t\t\t<h5><a href=\"https:\/\/www.vanwijkverf.nl\/retail\/voor-retailers\/\">Voor retailers<\/a><\/h5>\n\n\t\t<\/div>\n\t<\/div>\n\n\t<div class=\"wpb_text_column wpb_content_element margintop5px-col-l\" >\n\t\t<div class=\"wpb_wrapper\">\n\t\t\t<p><a href=\"https:\/\/www.vanwijkverf.nl\/retail\/voor-retailers\/zelfstandige-verfwinkels\/\">Zelfstandige verfwinkels<\/a><br \/>\n<a href=\"https:\/\/www.vanwijkverf.nl\/retail\/voor-retailers\/doe-het-zelf-zaken\/\">Doe-het-zelf-zaken<\/a><br \/>\n<a href=\"https:\/\/www.vanwijkverf.nl\/retail\/voor-retailers\/verf-behang-speciaalzaken\/\">Verf-behang-speciaalzaken<\/a><br \/>\n<a href=\"https:\/\/www.vanwijkverf.nl\/retail\/voor-retailers\/uw-groene-vakwinkel\/\">Uw Groene Vakwinkel<\/a><\/p>\n\n\t\t<\/div>\n\t<\/div>\n<\/div><\/div><\/div><div class=\"wpb_column vc_column_container vc_col-sm-6 vc_col-lg-offset-0 vc_col-lg-3 vc_col-md-offset-2 vc_col-md-4 vc_col-xs-12\"><div class=\"vc_column-inner\"><div class=\"wpb_wrapper\">\n\t<div class=\"wpb_text_column wpb_content_element\" >\n\t\t<div class=\"wpb_wrapper\">\n\t\t\t<h5><a href=\"https:\/\/www.vanwijkverf.nl\/retail\/kenniscentrum\/\">Kenniscentrum<\/a><\/h5>\n\n\t\t<\/div>\n\t<\/div>\n\n\t<div class=\"wpb_text_column wpb_content_element margintop20px-col-l\" >\n\t\t<div class=\"wpb_wrapper\">\n\t\t\t<h5><a href=\"https:\/\/www.vanwijkverf.nl\/retail\/actueel\/\">Actueel<\/a><\/h5>\n\n\t\t<\/div>\n\t<\/div>\n\n\t<div class=\"wpb_text_column wpb_content_element margintop5px-col-l\" >\n\t\t<div class=\"wpb_wrapper\">\n\t\t\t<p><a href=\"https:\/\/www.vanwijkverf.nl\/retail\/actueel\/retailnieuws\/\">Retailnieuws<\/a><br \/>\n<a href=\"https:\/\/www.vanwijkverf.nl\/retail\/actueel\/retailprojecten\/\">Retailprojecten<\/a><br \/>\n<a href=\"https:\/\/www.vanwijkverf.nl\/retail\/actueel\/retailvacatures\/\">Retailvacatures<\/a><br \/>\n<a href=\"https:\/\/www.vanwijkverf.nl\/retail\/actueel\/de-vizier\/\">Vizier<\/a><\/p>\n\n\t\t<\/div>\n\t<\/div>\n\n\t<div class=\"wpb_text_column wpb_content_element margintop20px-col-l\" >\n\t\t<div class=\"wpb_wrapper\">\n\t\t\t<h5><a href=\"https:\/\/www.vanwijkverf.nl\/retail\/over-ons\/\">Over ons<\/a><\/h5>\n\n\t\t<\/div>\n\t<\/div>\n\n\t<div class=\"wpb_text_column wpb_content_element margintop20px-col-l\" >\n\t\t<div class=\"wpb_wrapper\">\n\t\t\t<h5><a href=\"https:\/\/www.vanwijkverf.nl\/retail\/contact\/\">Contact<\/a><\/h5>\n\n\t\t<\/div>\n\t<\/div>\n\n\t<div class=\"wpb_text_column wpb_content_element margintop5px-col-l\" >\n\t\t<div class=\"wpb_wrapper\">\n\t\t\t<p><a href=\"https:\/\/onlinebestellen.vanwijkverf.nl:83\/\" target=\"_blank\" rel=\"noopener nofollow\">Online bestellen<\/a><br \/>\n<a href=\"https:\/\/www.vanwijkverf.nl\/retail\/contact\/klant-worden\/\">Klant worden?<\/a><\/p>\n\n\t\t<\/div>\n\t<\/div>\n<\/div><\/div><\/div><\/div><\/div><\/div><\/div><\/div><\/div>[\/vc_column][\/vc_row]<\/p>\n<\/div>","protected":false},"excerpt":{"rendered":"Altijd gratis bezorging Eigen bestelapp 8 filialen Grootste assortiment van NL Eigen chauffeurs en logistiek Wat een betrokken verfgroothandel toevoegt voor jouw winkel? Word klant en ervaar het zelf. Ben jij nog geen klant van Van Wijk Verf Retail? Wij zijn m\u00e9\u00e9r dan een verfgroothandel. Wij zijn d\u00e9 kennis- en businesspartner voor retail. Dat kunnen [...]","protected":false},"author":2,"featured_media":0,"parent":0,"menu_order":0,"comment_status":"closed","ping_status":"closed","template":"","meta":{"_acf_changed":false,"footnotes":""},"class_list":["post-2962","page","type-page","status-publish","hentry"],"acf":[],"_links":{"self":[{"href":"https:\/\/www.vanwijkverf.nl\/retail\/wp-json\/wp\/v2\/pages\/2962","targetHints":{"allow":["GET"]}}],"collection":[{"href":"https:\/\/www.vanwijkverf.nl\/retail\/wp-json\/wp\/v2\/pages"}],"about":[{"href":"https:\/\/www.vanwijkverf.nl\/retail\/wp-json\/wp\/v2\/types\/page"}],"author":[{"embeddable":true,"href":"https:\/\/www.vanwijkverf.nl\/retail\/wp-json\/wp\/v2\/users\/2"}],"replies":[{"embeddable":true,"href":"https:\/\/www.vanwijkverf.nl\/retail\/wp-json\/wp\/v2\/comments?post=2962"}],"version-history":[{"count":7,"href":"https:\/\/www.vanwijkverf.nl\/retail\/wp-json\/wp\/v2\/pages\/2962\/revisions"}],"predecessor-version":[{"id":3199,"href":"https:\/\/www.vanwijkverf.nl\/retail\/wp-json\/wp\/v2\/pages\/2962\/revisions\/3199"}],"wp:attachment":[{"href":"https:\/\/www.vanwijkverf.nl\/retail\/wp-json\/wp\/v2\/media?parent=2962"}],"curies":[{"name":"wp","href":"https:\/\/api.w.org\/{rel}","templated":true}]}}